{"id":921,"date":"2024-04-28T20:13:38","date_gmt":"2024-04-28T23:13:38","guid":{"rendered":"https:\/\/biosposadas.com\/productos\/?post_type=product&#038;p=921"},"modified":"2025-05-07T12:03:03","modified_gmt":"2025-05-07T15:03:03","slug":"garantia-oficial-stromberg-parlante-knock","status":"publish","type":"product","link":"https:\/\/biosposadas.com\/productos\/venta\/garantia-oficial-stromberg-parlante-knock\/","title":{"rendered":"Parlante Stromberg Knock. Garantia Oficial."},"content":{"rendered":"<h1 align=\"center\">Garantia Oficial. Stromberg. Parlante Knock.<\/h1>\n<p align=\"center\">en BIOS Servicio T\u00e9cnico Posadas<\/p>\n<p>&nbsp;<br \/>\n<img loading=\"lazy\" decoding=\"async\" class=\"alignnone size-medium wp-image-115\" src=\"https:\/\/biosposadas.com\/productos\/wp-content\/uploads\/2024\/05\/bios-stromberg-knock.jpg\" style=\"display: block; margin-left: auto; margin-right: auto;\" target=\"_blank\" alt=\"BIOS servicio tecnico -  garantia knock\" width=\"800\" height=\"800\" \/><br \/>\n&nbsp;<\/p>\n<hr \/>\n<p>&nbsp;<\/p>\n<h3 align=\"center\">Garant\u00eda oficial en biosposadas.com<\/h3>\n<p>&nbsp;<\/p>\n<hr \/>\n<p><img loading=\"lazy\" decoding=\"async\" class=\"alignnone size-medium wp-image-115\" src=\"https:\/\/biosposadas.com\/productos\/wp-content\/uploads\/2024\/05\/bios-stromberg-knock-back.jpg\" style=\"display: block; margin-left: auto; margin-right: auto;\" target=\"_blank\" alt=\"BIOS GARANTIA PARLANTE KNOCK\" width=\"800\" height=\"800\" \/><\/p>\n<p>&nbsp;<\/p>\n<hr \/>\n<h2 align=\"center\">Caracter\u00edsticas del Parlante Stromberg, Knock:<\/h2>\n<h3 align=\"center\">100w RMS potencia real<\/h3>\n<h3 align=\"center\">Bluetooth TWS<\/h3>\n<h3 align=\"center\">Duraci\u00f3n bater\u00eda 12hs.<\/h3>\n<h3 align=\"center\">Incluye cargador<\/h3>\n<h4 align=\"center\">Di\u00e1metro parlante 1&#215;12&#8243; <\/h4>\n<h4 align=\"center\">Di\u00e1metro tweeter 1&#215;3&#8243; <\/h4>\n<h5 align=\"center\">Entrada auxiliar<\/h5>\n<h5 align=\"center\">Entrada auxiliar<\/h5>\n<h5 align=\"center\">Entrada para micr\u00f3fonor<\/h5>\n<h5 align=\"center\">Control del eco del micr\u00f3fono<\/h5>\n<h5 align=\"center\">Control de volumen de micr\u00f3fono independiente<\/h5>\n<h6 align=\"center\">Alto: 70 cm<\/h6>\n<h6 align=\"center\">Profundidad: 38 cm<\/h6>\n<h6 align=\"center\">Ancho: 42 cm<\/h6>\n<p>&nbsp;<\/p>\n<hr \/>\n<h3 align=\"center\">\u00a1Click para ponerte en contacto!<\/h3>\n<p><a href=\"https:\/\/wa.me\/5493764299305?text=Consulta%20desde%20el%20sitio%20web\" target=\"_blank\" rel=\"noopener noreferrer\"><img loading=\"lazy\" decoding=\"async\" class=\"alignnone size-medium wp-image-115\" style=\"display: block; margin-left: auto; margin-right: auto;\" src=\"https:\/\/biosposadas.com\/productos\/wp-content\/uploads\/2024\/08\/BIOS-wazap.jpg\" alt=\"BIOS contacto whatsapp\" width=\"220\" height=\"220\" \/><\/a><\/p>\n<h4 align=\"center\">Todos los productos y servicios en biosposadas.com<\/h4>\n<p>&nbsp;<\/p>\n<hr \/>\n","protected":false},"excerpt":{"rendered":"<p>Garantia Oficial. Stromberg. Parlante Knock. en BIOS Servicio T\u00e9cnico Posadas &nbsp; &nbsp; &nbsp; Garant\u00eda oficial en biosposadas.com &nbsp; &nbsp; Caracter\u00edsticas del Parlante Stromberg, Knock: 100w RMS potencia real Bluetooth TWS Duraci\u00f3n bater\u00eda 12hs. Incluye cargador Di\u00e1metro parlante 1&#215;12&#8243; Di\u00e1metro tweeter 1&#215;3&#8243; Entrada auxiliar Entrada auxiliar Entrada para micr\u00f3fonor Control del eco del micr\u00f3fono Control de [&hellip;]<\/p>\n","protected":false},"featured_media":1065,"template":"","meta":[],"product_brand":[],"product_cat":[66],"product_tag":[81],"class_list":{"0":"post-921","1":"product","2":"type-product","3":"status-publish","4":"has-post-thumbnail","6":"product_cat-parlantes","7":"product_tag-stromberg","9":"first","10":"instock","11":"featured","12":"shipping-taxable","13":"product-type-simple"},"_links":{"self":[{"href":"https:\/\/biosposadas.com\/productos\/wp-json\/wp\/v2\/product\/921","targetHints":{"allow":["GET"]}}],"collection":[{"href":"https:\/\/biosposadas.com\/productos\/wp-json\/wp\/v2\/product"}],"about":[{"href":"https:\/\/biosposadas.com\/productos\/wp-json\/wp\/v2\/types\/product"}],"wp:featuredmedia":[{"embeddable":true,"href":"https:\/\/biosposadas.com\/productos\/wp-json\/wp\/v2\/media\/1065"}],"wp:attachment":[{"href":"https:\/\/biosposadas.com\/productos\/wp-json\/wp\/v2\/media?parent=921"}],"wp:term":[{"taxonomy":"product_brand","embeddable":true,"href":"https:\/\/biosposadas.com\/productos\/wp-json\/wp\/v2\/product_brand?post=921"},{"taxonomy":"product_cat","embeddable":true,"href":"https:\/\/biosposadas.com\/productos\/wp-json\/wp\/v2\/product_cat?post=921"},{"taxonomy":"product_tag","embeddable":true,"href":"https:\/\/biosposadas.com\/productos\/wp-json\/wp\/v2\/product_tag?post=921"}],"curies":[{"name":"wp","href":"https:\/\/api.w.org\/{rel}","templated":true}]}}